osite number?
False
Is 8704210819 prime?
True
Is 3761992943 a prime number?
False
Is 19388588129 a composite number?
True
Is 417120731 composite?
False
Is 10533761071 composite?
False
Is 683273623 a composite number?
False
Is 341495029 a prime number?
False
Is 63977203 a composite number?
False
Is 4048695949 a composite number?
True
Is 6726888167 a composite number?
False
Is 87614928773 a prime number?
True
Is 35805342679 a prime number?
True
Is 67942124371 prime?
False
Is 3519217399 a prime number?
True
Is 6900200807 composite?
True
Is 320320801 prime?
False
Is 12069146783 a prime number?
True
Is 1747658219 composite?
False
Is 872906806 prime?
False
Is 8101359681 a composite number?
True
Is 19786061131 prime?
True
Is 38741018521 a composite number?
False
Is 17578507697 composite?
False
Is 344642321 a composite number?
False
Is 491094647 a composite number?
False
Is 16930918195 a composite number?
True
Is 448992581 prime?
True
Is 840707869 prime?
False
Is 543925202 prime?
False
Is 5408598941 prime?
True
Is 819381529 composite?
True
Is 41703539 a composite number?
False
Is 6140916637 a composite number?
True
Is 3876771958 a composite number?
True
Is 60827681066 composite?
True
Is 883604231 a composite number?
True
Is 4594692077 a composite number?
True
Is 13356222179 a prime number?
False
Is 948877991 a composite number?
False
Is 912440783 prime?
True
Is 27520697899 prime?
True
Is 447520747 a composite number?
True
Is 33155103127 a composite number?
False
Is 344415061 a composite number?
True
Is 2372035363 a prime number?
False
Is 29855001031 a prime number?
True
Is 39812009 composite?
False
Is 353887296443 a composite number?
False
Is 3495195527 a prime number?
True
Is 2531314249 a prime number?
True
Is 221972501 composite?
False
Is 6347475107 prime?
False
Is 28671533677 prime?
False
Is 60713267 prime?
True
Is 105768742447 prime?
False
Is 2348867161 a composite number?
True
Is 39954423299 a prime number?
False
Is 383913347 a prime number?
True
Is 23548444271 prime?
False
Is 167506743 a composite number?
True
Is 330485161 prime?
True
Is 34657039267 composite?
False
Is 5759747459 a prime number?
True
Is 210089161 prime?
True
Is 511140101 prime?
True
Is 261363799981 prime?
True
Is 85934579839 prime?
False
Is 8904062989 a composite number?
True
Is 347928401 a prime number?
False
Is 18988132937 composite?
True
Is 426961219 prime?
True
Is 49130294723 composite?
True
Is 680198821 composite?
False
Is 29334977387 composite?
False
Is 21551354689 prime?
False
Is 704177549 composite?
True
Is 362286059 composite?
False
Is 70439478727 prime?
False
Is 67585317262 prime?
False
Is 962512631 a composite number?
True
Is 2559255409 prime?
False
Is 35375275541 prime?
False
Is 111526429589 composite?
True
Is 623622071 composite?
True
Is 20780697851 composite?
False
Is 21872311229 prime?
False
Is 15125796407 prime?
True
Is 19853921779 prime?
False
Is 205400149 a composite number?
False
Is 1836179581 a prime number?
True
Is 2791578679 a prime number?
True
Is 606287041 a prime number?
True
Is 30019879039 a prime number?
True
Is 3944725669 a composite number?
False
Is 50120647 a prime number?
True
Is 3097912457 prime?
False
Is 5694104771 a prime number?
True
Is 8371172183 composite?
True
Is 27280348541 a prime number?
True
Is 4744925123 composite?
False
Is 8381580373 composite?
True
Is 765029191 prime?
False
Is 320135683 a composite number?
True
Is 1900350217 prime?
False
Is 15473703899 composite?
True
Is 34149329 composite?
True
Is 137435203 prime?
True
Is 356200666 a prime number?
False
Is 1491921911 a prime number?
True
Is 348708572389 a composite number?
False
Is 122146035773 composite?
False
Is 75638398174 prime?
False
Is 1349759059 prime?
False
Is 1427862671 composite?
True
Is 9167424713 prime?
False
Is 2347397557 a prime number?
False
Is 1282870399 composite?
True
Is 3825155018 a prime number?
False
Is 688418719 a composite number?
True
Is 48966071591 composite?
False
Is 10880362247 prime?
True
Is 2152853579 a composite number?
False
Is 5548731619 a prime number?
True
Is 3018121783 a composite number?
True
Is 3358740293 a prime number?
False
Is 1016350031 prime?
True
Is 387062269 prime?
False
Is 142568453 prime?
False
Is 11284800161 a prime number?
False
Is 401804567 composite?
False
Is 126039191033 composite?
True
Is 11878556567 composite?
False
Is 175115606297 prime?
True
Is 1394668237 a composite number?
True
Is 43754733103 a prime number?
True
Is 37579147 prime?
True
Is 19891711903 a composite number?
True
Is 10407123659 composite?
False
Is 85312837559 a prime number?
True
Is 9833780267 composite?
False
Is 61958308847 a prime number?
False
Is 1961168113 prime?
True
Is 307905679 prime?
False
Is 3138532739 composite?
True
Is 69855620089 a composite number?
True
Is 123485801 prime?
True
Is 125211899 a prime number?
False
Is 1281484063 prime?
True
Is 45614255117 a composite number?
True
Is 4627005161 composite?
True
Is 38286330037 composite?
True
Is 2761138277 a prime number?
False
Is 248865131 composite?
False
Is 153499013939 prime?
True
Is 18403385233 prime?
False
Is 33688981217 a composite number?
False
Is 29333350817 a prime number?
False
Is 1095401519 prime?
False
Is 350318069 composite?
True
Is 170823984557 a composite number?
True
Is 413567729 a prime number?
False
Is 1441095541 a composite number?
False
Is 435098349689 composite?
False
Is 1819006841 prime?
False
Is 57547783 prime?
True
Is 457337929 a composite number?
True
Is 12045048461 composite?
True
Is 6009119539 composite?
False
Is 1184847221 composite?
False
Is 188924273 a composite number?
False
Is 5971913099 a composite number?
True
Is 13145539039 composite?
True
Is 125459491 prime?
True
Is 37925974769 a composite number?
False
Is 65193586873 prime?
False
Is 5736374767 prime?
False
Is 9618251323 a prime number?
True
Is 71201153 composite?
True
Is 17494516093 prime?
False
Is 307426471 a prime number?
False
Is 5326190473 composite?
False
Is 104642913329 a composite number?
True
Is 13569756287 a prime number?
True
Is 7996941671 a prime number?
True
Is 19332056149 a composite number?
True
Is 40616918057 a prime number?
False
Is 18862457923 a prime number?
False
Is 1862259431 prime?
True
Is 161156703 prime?
False
Is 48650435 prime?
False
Is 8083951285 prime?
False
Is 2916342761 composite?
True
Is 931415501 composite?
False
Is 233242861 prime?
False
Is 231196519 a composite number?
True
Is 73100214001 composite?
True
Is 7404781 prime?
False
Is 1675962019 prime?
True
Is 19810712611 a prime number?
True
Is 7121506841 composite?
False
Is 1109390663 a composite number?
True
Is 568853377153 a composite number?
False
Is 1485186853 a composite number?
True
Is 2868849233 composite?
False
Is 1056805291 a composite number?
False
Is 4526779267 composite?
True
Is 18090583661 composite?
False
Is 938369537 a prime number?
False
Is 997782263 a prime number?
True
Is 131515277 composite?
False
Is 29018507737 a composite number?
False
Is 11043091583 composite?
False
Is 96401189369 a prime number?
True
Is 549950243 a composite number?
True
Is 11052651409 prime?
True
Is 9603717251 prime?
False
Is 1163683553 a composite number?
False
Is 4830185471 prime?
True
Is 262326553 composite?
True
Is 19876911699 a prime number?
False
Is 16425584753 a prime number?
True
Is 1386126623 a prime number?
False
Is 28956399287 composite?
False
Is 86447741 a prime number?
True
Is 1300783481 a composite number?
False
Is 24140243597 a prime number?
False
Is 18215483887 a composite number?
False
Is 18075075761 a composite number?
True
Is 54296950469 prime?
False
Is 22920068989 a prime number?
True
Is 1742434129 prime?
True
Is 447412571 a composite number?
False
Is 776126701 a prime number?
False
Is 9415080503 a composite number?
False
Is 6071183863 prime?
False
Is 14198932177 a composite number?
False
Is 1389867431 a composite number?
False
Is 1538022331 prime?
False
Is 588948515 composite?
True
Is 8209180879 a prime number?
True
Is 1940937781 prime?
False
Is 1813996769 a prime number?
False
Is 2113445357 prime?
False
Is 78235841 prime?
True
Is 187508341 a composite number?
True
Is 836944609 a composite number?
False
Is 34532258983 prime?
True
Is 25842367699 a composite number?
False
Is 3978115391 a prime number?
False
Is 3162254573 a comp